{"id":48,"date":"2019-01-17T13:20:47","date_gmt":"2019-01-17T13:20:47","guid":{"rendered":"http:\/\/airbloq.com.br\/?page_id=48"},"modified":"2019-01-17T13:20:47","modified_gmt":"2019-01-17T13:20:47","slug":"a-empresa","status":"publish","type":"page","link":"https:\/\/airbloq.com.br\/?page_id=48","title":{"rendered":"A Empresa"},"content":{"rendered":"\n<p><strong>Desde 1998 protegendo sua conta de \u00e1gua.<\/strong><\/p>\n\n\n\n<p>Fundada em 1998, a empresa Air-Bloq desenvolveu uma v\u00e1lvula, que bloqueia a passagem de ar, assim apenas a \u00e1gua \u00e9 medida no hidr\u00f4metro.<\/p>\n\n\n\n<p>Este foi o primeiro passo para nossa empresa consolidar-se no mercado e focar no nosso objetivo principal, que \u00e9 oferecer equipamentos de alta qualidade e funcionalidade.<\/p>\n\n\n\n<p>A cria\u00e7\u00e3o desse equipamento ocorreu por meio de um estudo realizado sobre as elevadas contas de \u00e1gua pagas pelos consumidores, at\u00e9 mesmo em per\u00edodos em que n\u00e3o h\u00e1 consumo.<\/p>\n\n\n\n<p>Descobriu-se que este aumento nas taxas cobradas \u00e9 resultado da passagem de ar pelo hidr\u00f4metro, que o registra como se fosse \u00e1gua consumida.<\/p>\n\n\n\n<p>Nossa filosofia \u00e9 baseada na transpar\u00eancia em nossos neg\u00f3cios, ressaltando a honestidade e o bem-estar de seus colaboradores.<\/p>\n\n\n\n<p>Somos uma empresa brasileira, capacitada para desenvolver projetos para o segmento hidr\u00e1ulico. Contamos com uma equipe de colaboradores preparados para atender e instalar nossos equipamentos em diversas \u00e1reas do Brasil.<\/p>\n\n\n\n<p>A Air-Bloq est\u00e1 constantemente integrando novos parceiros sejam revendedores, varejistas, colaboradores, entre outros, com o intuito de aprimorar nosso atendimento e criar solu\u00e7\u00f5es inovadoras para o mercado brasileiro.<\/p>\n\n\n\n<p>Consulte-nos!<\/p>\n","protected":false},"excerpt":{"rendered":"<p>Desde 1998 protegendo sua conta de \u00e1gua. Fundada em 1998, a empresa Air-Bloq desenvolveu uma v\u00e1lvula, que bloqueia a passagem de ar, assim apenas a \u00e1gua \u00e9 medida no hidr\u00f4metro. Este foi o primeiro passo para nossa empresa consolidar-se no mercado e focar no nosso objetivo principal, que \u00e9 oferecer equipamentos de alta qualidade e [&hellip;]<\/p>\n","protected":false},"author":1,"featured_media":0,"parent":0,"menu_order":0,"comment_status":"closed","ping_status":"closed","template":"","meta":{"_joinchat":[]},"_links":{"self":[{"href":"https:\/\/airbloq.com.br\/index.php?rest_route=\/wp\/v2\/pages\/48"}],"collection":[{"href":"https:\/\/airbloq.com.br\/index.php?rest_route=\/wp\/v2\/pages"}],"about":[{"href":"https:\/\/airbloq.com.br\/index.php?rest_route=\/wp\/v2\/types\/page"}],"author":[{"embeddable":true,"href":"https:\/\/airbloq.com.br\/index.php?rest_route=\/wp\/v2\/users\/1"}],"replies":[{"embeddable":true,"href":"https:\/\/airbloq.com.br\/index.php?rest_route=%2Fwp%2Fv2%2Fcomments&post=48"}],"version-history":[{"count":1,"href":"https:\/\/airbloq.com.br\/index.php?rest_route=\/wp\/v2\/pages\/48\/revisions"}],"predecessor-version":[{"id":49,"href":"https:\/\/airbloq.com.br\/index.php?rest_route=\/wp\/v2\/pages\/48\/revisions\/49"}],"wp:attachment":[{"href":"https:\/\/airbloq.com.br\/index.php?rest_route=%2Fwp%2Fv2%2Fmedia&parent=48"}],"curies":[{"name":"wp","href":"https:\/\/api.w.org\/{rel}","templated":true}]}}