{"id":80,"date":"2019-05-16T14:54:25","date_gmt":"2019-05-16T14:54:25","guid":{"rendered":"http:\/\/airbloq.com.br\/?page_id=80"},"modified":"2019-05-16T14:54:32","modified_gmt":"2019-05-16T14:54:32","slug":"voce-sabia-2","status":"publish","type":"page","link":"https:\/\/airbloq.com.br\/?page_id=80","title":{"rendered":"Voc\u00ea sabia?!"},"content":{"rendered":"\n<div class=\"wp-block-image\"><figure class=\"aligncenter is-resized\"><img decoding=\"async\" loading=\"lazy\" src=\"https:\/\/yt3.ggpht.com\/a\/AGF-l7_2r3puQ0lJGTyDh8WGHpxG8XRCnXNyv2PE2A=s900-mo-c-c0xffffffff-rj-k-no\" alt=\"Resultado de imagem para voc\u00c3\u00aa sabia\" width=\"225\" height=\"225\"\/><\/figure><\/div>\n\n\n\n<p>O bloqueador de ar dever\u00e1 ser instalado ap\u00f3s o hidr\u00f4metro, evitando problemas com  companhias de \u00e1gua de todo o Brasil.<\/p>\n\n\n\n<p>Fabricado totalmente em lat\u00e3o-360 blindado, at\u00f3xico, anti-oxidante, mola em a\u00e7o inox, evitando contamina\u00e7\u00f5es externas, portanto n\u00e3o enferruja, n\u00e3o requer manuten\u00e7\u00e3o, e a vaz\u00e3o cont\u00ednua a mesma.<\/p>\n\n\n\n<p>O uso do bloqueador de ar est\u00e1 totalmente amparado pela legisla\u00e7\u00e3o vigente, desde a lei Magna(constitui\u00e7\u00e3o federal), passando pelo c\u00f3digo de defesa do consumidor (lei federal 8078).<\/p>\n\n\n\n<p>O pagamento pelo ar nas contas de \u00e1gua, segundo a lei Federal 8078( C\u00f3digo de Defesa do Consumidor), constitu\u00ed uma cobran\u00e7a indevida pelas companhias de \u00e1gua. Portanto, os consumidores t\u00eam direito a serem ressarcidos em dobro, pelos \u00faltimos 5 anos, desta diferen\u00e7a cobrada.<\/p>\n\n\n\n<p>Por isso, diversos Estados e Munic\u00edpios possuem leis que legitimam este assunto, obrigando as companhias de \u00e1gua a instalarem os bloqueadores de ar.<\/p>\n","protected":false},"excerpt":{"rendered":"<p>O bloqueador de ar dever\u00e1 ser instalado ap\u00f3s o hidr\u00f4metro, evitando problemas com companhias de \u00e1gua de todo o Brasil. Fabricado totalmente em lat\u00e3o-360 blindado, at\u00f3xico, anti-oxidante, mola em a\u00e7o inox, evitando contamina\u00e7\u00f5es externas, portanto n\u00e3o enferruja, n\u00e3o requer manuten\u00e7\u00e3o, e a vaz\u00e3o cont\u00ednua a mesma. O uso do bloqueador de ar est\u00e1 totalmente amparado [&hellip;]<\/p>\n","protected":false},"author":1,"featured_media":0,"parent":0,"menu_order":0,"comment_status":"closed","ping_status":"closed","template":"","meta":{"_joinchat":[]},"_links":{"self":[{"href":"https:\/\/airbloq.com.br\/index.php?rest_route=\/wp\/v2\/pages\/80"}],"collection":[{"href":"https:\/\/airbloq.com.br\/index.php?rest_route=\/wp\/v2\/pages"}],"about":[{"href":"https:\/\/airbloq.com.br\/index.php?rest_route=\/wp\/v2\/types\/page"}],"author":[{"embeddable":true,"href":"https:\/\/airbloq.com.br\/index.php?rest_route=\/wp\/v2\/users\/1"}],"replies":[{"embeddable":true,"href":"https:\/\/airbloq.com.br\/index.php?rest_route=%2Fwp%2Fv2%2Fcomments&post=80"}],"version-history":[{"count":2,"href":"https:\/\/airbloq.com.br\/index.php?rest_route=\/wp\/v2\/pages\/80\/revisions"}],"predecessor-version":[{"id":82,"href":"https:\/\/airbloq.com.br\/index.php?rest_route=\/wp\/v2\/pages\/80\/revisions\/82"}],"wp:attachment":[{"href":"https:\/\/airbloq.com.br\/index.php?rest_route=%2Fwp%2Fv2%2Fmedia&parent=80"}],"curies":[{"name":"wp","href":"https:\/\/api.w.org\/{rel}","templated":true}]}}